 -10 - -1210?
1200
In base 2, what is 101 - 100000?
-11011
In base 3, what is -2022 + 12?
-2010
In base 14, what is -1 - 24?
-25
In base 12, what is -2 - -583?
581
In base 5, what is 4 - 232?
-223
In base 14, what is -32 + -2?
-34
In base 2, what is -101 + 1101111001?
1101110100
In base 9, what is 2 + 138?
141
In base 10, what is 44 - 5?
39
In base 5, what is 3 - -110?
113
In base 14, what is b8 - a?
ac
In base 5, what is 3 - 14?
-11
In base 13, what is 25 + 2?
27
In base 9, what is -4 + 57?
53
In base 4, what is 2 - 20313?
-20311
In base 3, what is 10 + -1022?
-1012
In base 11, what is -81 + -15?
-96
In base 3, what is 2010 + 11?
2021
In base 3, what is -110112 - 110?
-110222
In base 9, what is 3 + -4583?
-4580
In base 8, what is -3 + 20?
15
In base 13, what is 9 - -10?
19
In base 13, what is 322 - 4?
31b
In base 11, what is -2 - 45?
-47
In base 13, what is -22 + 55?
33
In base 13, what is 1 + 36c?
370
In base 14, what is -2 - -407?
405
In base 12, what is -36 + 40?
6
In base 12, what is b + a33?
a42
In base 3, what is 120122 - 20?
120102
In base 16, what is -3 + 633?
630
In base 10, what is 93 + 183?
276
In base 8, what is 1 + -34?
-33
In base 5, what is 2230 - 34?
2141
In base 10, what is 4 - -29?
33
In base 4, what is -10 + 130310?
130300
In base 6, what is -143 + 55?
-44
In base 14, what is -6 - 3b9?
-3c1
In base 12, what is -2964 - 3?
-2967
In base 4, what is 1 + -21032?
-21031
In base 3, what is 21 + -1210?
-1112
In base 2, what is 1000100 + -110101100?
-101101000
In base 9, what is -124 + 3?
-121
In base 13, what is 8 + -4c?
-44
In base 12, what is -2 - -1315?
1313
In base 13, what is -1818 + 0?
-1818
In base 12, what is -38 + -5?
-41
In base 7, what is 12 + -143?
-131
In base 7, what is 3 + 102?
105
In base 8, what is 12421 - 1?
12420
In base 7, what is -210 + 40?
-140
In base 7, what is -5 - 321?
-326
In base 6, what is 2 - -33235?
33241
In base 15, what is -28 + -b?
-34
In base 16, what is -8c + 3?
-89
In base 2, what is 100010101 + 10011?
100101000
In base 11, what is 315 + 4?
319
In base 4, what is -1132 + 0?
-1132
In base 6, what is -10 - 13?
-23
In base 12, what is -8995 + -5?
-899a
In base 7, what is -6 - -1154?
1145
In base 15, what is 5 - -1166?
116b
In base 16, what is 4 - -eb?
ef
In base 3, what is -12 + -20201?
-20220
In base 12, what is 24b + -2?
249
In base 4, what is 3 - 10110?
-10101
In base 13, what is 8 + -9b?
-93
In base 15, what is 4 + 15e?
163
In base 4, what is -3310 + -2?
-3312
In base 15, what is -4 - c?
-11
In base 7, what is 1 + 22330?
22331
In base 4, what is 20 + -13?
1
In base 15, what is 5 + 21?
26
In base 4, what is -21031 - 2?
-21033
In base 9, what is 2 - 60?
-57
In base 13, what is 579c + 1?
57a0
In base 13, what is 4 + -140?
-139
In base 8, what is -4 - 74?
-100
In base 14, what is -6dc - -2?
-6da
In base 8, what is 3 - -413?
416
In base 3, what is 1001 + 100?
1101
In base 3, what is -101 - -2121?
2020
In base 6, what is -12314 - 3?
-12321
In base 5, what is -4 - -10241?
10232
In base 14, what is -356 - -5?
-351
In base 9, what is -168 - 4?
-173
In base 5, what is -1 - -1233?
1232
In base 15, what is -1 - 1cc6?
-1cc7
In base 12, what is 123 - 3?
120
In base 2, what is -100111 - -1111?
-11000
In base 8, what is -210 - 10?
-220
In base 7, what is 55 - -10?
65
In base 12, what is 10 + 5?
15
In base 11, what is 69 - -10?
79
In base 12, what is 4874 - 5?
486b
In base 5, what is -214 + 10?
-204
In base 7, what is 2 + 134?
136
In base 9, what is 636 - 0?
636
In base 16, what is 4 + a2b?
a2f
In base 9, what is -5 + -135?
-141
In base 12, what is -7 - b?
-16
In base 3, what is -2022 - -100?
-1222
In base 8, what is 4 - 73?
-67
In base 15, what is -2c66 + 1?
-2c65
In base 12, what is 14a - -35?
183
In base 12, what is -35b - -2?
-359
In base 6, what is 152023 + -3?
152020
In base 10, what is -3 + -309?
-312
In base 14, what is -1a + -2?
-1c
In base 15, what is 374 + -c?
367
In base 11, what is -4 + -3a71?
-3a75
In base 8, what is -64 + 7?
-55
In base 13, what is -1 + 1a?
19
In base 8, what is 10 + -3203?
-3173
In base 6, what is -10 + -22?
-32
In base 13, what is -2 + -3434?
-3436
In base 6, what is 145 - 1?
144
In base 9, what is -34 - 11?
-45
In base 8, what is -17213 - -2?
-17211
In base 14, what is -71 - -15?
-5a
In base 10, what is 1 + -397?
-396
In base 15, what is 6 + a0a?
a11
In base 12, what is -4 + aa6?
aa2
In base 2, what is -11110101 - -111?
-11101110
In base 8, what is -1 + 71?
70
In base 11, what is 5297 + 1?
5298
In base 11, what is -135 + 10?
-125
In base 12, what is 76 - -3?
79
In base 7, what is -6 + -11000?
-11006
In base 9, what is -4 - 577?
-582
In base 15, what is 22b - 5?
226
In base 3, what is -211 - 21100?
-22011
In base 6, what is -10303 - 2?
-10305
In base 12, what is 2 - -78?
7a
In base 8, what is 153 - 4?
147
In base 3, what is -12202 + -12?
-12221
In base 15, what is 73 + c?
80
In base 8, what is -64 - 26?
-112
In base 12, what is 5 + -117?
-112
In base 5, what is 21 + 1?
22
In base 14, what is 4 - 12a?
-126
In base 16, what is 13 + b?
1e
In base 5, what is -2 - -234?
232
In base 15, what is 2 - 4a5?
-4a3
In base 16, what is 12 - -2?
14
In base 2, what is -1001000010 + -11?
-1001000101
In base 2, what is 1101100111 + -11?
1101100100
In base 5, what is 14232 + -2?
14230
In base 14, what is -5aac - -3?
-5aa9
In base 4, what is -202 + 121?
-21
In base 14, what is 0 + -1c5?
-1c5
In base 8, what is -5 + -101?
-106
In base 4, what is -1 + 30132?
30131
In base 11, what is 4 - -3364?
3368
In base 6, what is -34 + -15?
-53
In base 9, what is -2 + -42?
-44
In base 13, what is 1 + 3b3?
3b4
In base 7, what is -2054 - 12?
-2066
In base 5, what is 0 + 1414?
1414
In base 11, what is 4 - -30?
34
In base 2, what is -1011001 + 101001?
-110000
In base 12, what is 0 - 30a?
-30a
In base 10, what is 0 + -3760?
-3760
In base 11, what is 10 + -11?
-1
In base 11, what is -4070 - 4?
-4074
In base 5, what is 0 + -20100?
-20100
In base 8, what is 601 - 11?
570
In base 14, what is -30 + 76?
46
In base 14, what is -1d - 3?
-22
In base 7, what is -3424 - 4?
-3431
In base 15, what is -202b + -2?
-202d
In base 7, what is -1 + 50?
46
In base 15, what is 3 - 2a4?
-2a1
In base 14, what is -1 - -122?
121
In base 14, what is 7 - -26?
2d
In base 3, what is -1 + -2102?
-2110
In base 5, what is 31 - 3?
23
In base 4, what is 303111 + -11?
303100
In base 4, what is -12131 + -20?
-12211
In base 12, what is 325 - 19?
308
In base 9, what is -2260 + 1?
-2258
In base 4, what is -3 - -20?
11
In base 10, what is -4 + -345?
-349
In base 5, what is -102131 - 10?
-102141
In base 12, what is -1962 + 3?
-195b
In base 7, what is 6 + 2411?
2420
In base 10, what is -35 + -5?
-40
In base 12, what is 0 + 4246?
4246
In base 3, what is 12 + -2210?
-2121
In base 11, what is 76 - -6?
81
In base 10, what is 135 - -27?
162
In base 14, what is -27 - 15?
-3c
In base 4, what is 33 + 10?
103
In base 15, what is -20e + -5?
-214
In base 2, what is -11111101010 + 100?
-11111100110
In base 2, what is 1 + 100111110?
100111111
In base 14, what is -85 + 41?
-44
In base 7, what is 0 - 6?
-6
In base 12, what is 5950 + -3?
5949
In base 13, what is -15cc - 2?
-1601
In base 5, what is -11 + -421?
-432
In base 8, what is -1057 + -3?
-1062
In base 4, what is -121 + -2023?
-2210
In base 12, what is -1 - -46?
45
In base 12, what is -16 + 3?
-13
In base 5, what is 11 - 1?
10
In base 10, what is -9 + -102?
-111
In base 5, what is -10 + 4202?
4142
In base 2, what is -1101101 - 11?
-1110000
In base 3, what is -11110 - 0?
-11110
In base 10, what is 592 - -3?
595
In base 16, what is -639 + a?
-62f
In base 9, what is 25 + 67?
103
In base 10, what is -61 - 10?
-71
In base 13, what is -2b + -14a?
-178
In base 12, what is 1b3 + 4?
1b7
In base 2, what is -11100101 - 10101?
-11111010
In base 14, what is 5 - 9a?
-95
In base 7, what is -31 - 50?
-111
In base 10, what is 2908 + 0?
2908
In base 5, what is -1224 - -130?
-1044
In base 8, what is -40 + -2?
-42
In base 7, what is 6 + 503?
512
In base 15, what is -3e + -7?
-46
In base 3, what is -102101 - 11?
-102112
In base 7, what is -13 - 10?
-23
In base 15, what is -1b03 + -3?
-1b06
In base 2, what is 1111011000001 + 11?
1111011000100
In base 14, what is -73 - 3?
-76
In base 2, what is 11101 - 0?
11101
In base 12, what is 1 + 